f 28 and 604?
4
What is the highest common factor of 13 and 2249?
13
What is the highest common factor of 14 and 27272?
14
Calculate the greatest common factor of 26 and 156.
26
Calculate the highest common divisor of 330 and 924.
66
Calculate the highest common factor of 8 and 1052.
4
Calculate the highest common divisor of 37 and 44437.
37
Calculate the highest common divisor of 12 and 552.
12
Calculate the highest common divisor of 539 and 77.
77
What is the greatest common factor of 45 and 72?
9
Calculate the highest common factor of 84 and 19299.
21
What is the greatest common divisor of 224 and 84?
28
Calculate the highest common factor of 14 and 574.
14
What is the greatest common divisor of 96 and 282?
6
What is the highest common factor of 4181 and 452?
113
Calculate the greatest common factor of 140 and 180.
20
Calculate the highest common factor of 8 and 64.
8
What is the highest common divisor of 1036 and 1484?
28
What is the greatest common factor of 790 and 1738?
158
What is the highest common factor of 2926 and 2508?
418
What is the greatest common divisor of 75 and 30?
15
Calculate the highest common factor of 405 and 495.
45
Calculate the greatest common factor of 968 and 16.
8
Calculate the highest common divisor of 492 and 41.
41
Calculate the highest common factor of 5 and 275.
5
Calculate the highest common divisor of 1 and 13.
1
Calculate the highest common divisor of 8 and 458.
2
Calculate the greatest common divisor of 3479 and 71.
71
Calculate the highest common divisor of 2219 and 7.
7
Calculate the highest common factor of 1325 and 100.
25
What is the greatest common factor of 5 and 23?
1
Calculate the greatest common divisor of 42 and 224.
14
Calculate the greatest common factor of 3839 and 33.
11
Calculate the greatest common divisor of 12 and 228.
12
Calculate the highest common divisor of 196 and 4018.
98
What is the highest common factor of 332 and 249?
83
Calculate the greatest common divisor of 5628 and 84.
84
What is the highest common divisor of 112 and 56?
56
Calculate the highest common factor of 560 and 1620.
20
Calculate the greatest common factor of 6528 and 2584.
136
Calculate the highest common divisor of 3568 and 16.
16
What is the highest common factor of 456 and 114?
114
What is the greatest common divisor of 1176 and 2184?
168
Calculate the highest common factor of 28402 and 22.
22
Calculate the highest common factor of 354 and 15.
3
Calculate the highest common divisor of 976 and 80.
16
What is the greatest common factor of 44 and 20?
4
What is the greatest common divisor of 144 and 531?
9
Calculate the highest common factor of 99 and 132.
33
What is the highest common factor of 8 and 124?
4
What is the greatest common factor of 644 and 84?
28
Calculate the highest common factor of 332 and 3154.
166
Calculate the greatest common divisor of 93 and 25451.
31
What is the greatest common divisor of 27 and 432?
27
What is the highest common divisor of 260 and 460?
20
What is the highest common factor of 132 and 184?
4
Calculate the greatest common factor of 15498 and 82.
82
Calculate the highest common factor of 66 and 726.
66
What is the highest common divisor of 14664 and 39?
39
Calculate the greatest common factor of 265 and 5.
5
What is the highest common divisor of 83 and 1328?
83
What is the greatest common divisor of 636 and 1176?
12
What is the highest common factor of 1012 and 230?
46
What is the greatest common factor of 1961 and 53?
53
Calculate the highest common divisor of 42612 and 268.
268
Calculate the highest common divisor of 106 and 103562.
106
What is the greatest common factor of 3204 and 36?
36
What is the greatest common factor of 2248 and 40?
8
Calculate the greatest common factor of 435 and 120.
15
What is the greatest common factor of 73 and 17?
1
What is the highest common factor of 5966 and 942?
314
What is the greatest common divisor of 26 and 3874?
26
Calculate the highest common divisor of 525 and 1200.
75
What is the highest common factor of 1008 and 1800?
72
What is the highest common divisor of 280 and 960?
40
What is the greatest common divisor of 54 and 44172?
54
Calculate the greatest common divisor of 55 and 5.
5
What is the greatest common factor of 3540 and 180?
60
What is the highest common divisor of 136 and 19550?
34
What is the highest common divisor of 90 and 666?
18
Calculate the greatest common divisor of 2590 and 35.
35
What is the highest common divisor of 612 and 252?
36
What is the greatest common factor of 14 and 7?
7
What is the greatest common divisor of 2257 and 111?
37
What is the greatest common divisor of 36 and 5?
1
What is the greatest common divisor of 140 and 2980?
20
What is the greatest common factor of 47993 and 11?
11
Calculate the highest common divisor of 15 and 50.
5
Calculate the highest common divisor of 1032 and 1935.
129
What is the greatest common factor of 40 and 8?
8
What is the greatest common divisor of 1474 and 10988?
134
What is the greatest common divisor of 75 and 585?
15
Calculate the greatest common factor of 176 and 814.
22
Calculate the highest common divisor of 153 and 8160.
51
Calculate the greatest common factor of 171 and 27.
9
What is the highest common divisor of 26 and 16?
2
What is the highest common factor of 331 and 22177?
331
What is the greatest common divisor of 42 and 6186?
6
Calculate the greatest common divisor of 182 and 56.
14
What is the highest common divisor of 80 and 2540?
20
Calculate the highest common factor of 1178 and 76.
38
What is the highest common factor of 21 and 105?
21
Calculate the highest common factor of 23 and 1058.
23
Calculate the greatest common factor of 1292 and 133.
19
Calculate the highest common factor of 120 and 2.
2
Calculate the highest common divisor of 20979 and 259.
259
What is the greatest common factor of 7 and 12313?
7
What is the highest common factor of 10 and 250?
10
What is the highest common factor of 16460 and 20?
20
What is the highest common factor of 1095 and 105?
15
What is the highest common factor of 20 and 410?
10
Calculate the greatest common factor of 36732 and 12.
12
What is the greatest common divisor of 100 and 260?
20
What is the highest common factor of 76 and 16?
4
Calculate the highest common divisor of 34 and 1326.
34
Calculate the highest common factor of 15914 and 872.
218
What is the highest common factor of 6228 and 9?
9
What is the greatest common factor of 737 and 99?
11
Calculate the highest common factor of 12 and 152.
4
What is the greatest common factor of 1 and 64?
1
Calculate the greatest common factor of 135 and 162.
27
Calculate the highest common factor of 200 and 1320.
40
What is the highest common divisor of 11245 and 13?
13
What is the highest common factor of 24 and 648?
24
What is the highest common factor of 58 and 522?
58
Calculate the highest common divisor of 1872 and 104.
104
Calculate the highest common factor of 21 and 7.
7
Calculate the highest common divisor of 7607 and 1.
1
What is the greatest common factor of 455 and 182?
91
Calculate the highest common divisor of 32280 and 120.
120
What is the greatest common factor of 344 and 8?
8
What is the greatest common divisor of 22 and 37?
1
Calculate the greatest common divisor of 2091 and 1581.
51
Calculate the highest common divisor of 18 and 147.
3
What is the greatest common divisor of 120 and 744?
24
Calculate the greatest common divisor of 24 and 9448.
8
What is the greatest common divisor of 640 and 20?
20
Calculate the highest common factor of 531 and 9.
9
What is the highest common factor of 4 and 124?
4
Calculate the greatest common factor of 608 and 2.
2
What is the highest common factor of 9 and 2817?
9
What is the greatest common divisor of 12 and 23676?
12
Calculate the greatest common divisor of 798 and 28.
14
What is the highest common factor of 496 and 31?
31
Calculate the greatest common factor of 40 and 790.
10
What is the highest common factor of 58 and 1856?
58
Calculate the highest common factor of 126 and 18.
18
Calculate the greatest common divisor of 1050 and 45.
15
What is the highest common factor of 435 and 58?
29
What is the greatest common divisor of 1296 and 5076?
108
What is the greatest common factor of 444 and 6882?
222
Calcula